68?
2, 3, 29, 743, 1181
What are the prime factors of 319231229?
4547, 70207
List the prime factors of 99675901.
13, 7667377
What are the prime factors of 5553205495?
5, 37, 2803, 10709
List the prime factors of 133778606.
2, 13, 37, 59, 2357
List the prime factors of 627402794.
2, 313701397
List the prime factors of 981310245.
3, 5, 83, 503, 1567
List the prime factors of 102533250.
2, 3, 5, 136711
List the prime factors of 1951789516.
2, 17, 19, 37, 40829
What are the prime factors of 292631267?
457, 599, 1069
List the prime factors of 83168023.
23, 3616001
List the prime factors of 5133992451.
3, 7, 19, 67, 192047
List the prime factors of 2162994784.
2, 67593587
What are the prime factors of 1726331506?
2, 863165753
List the prime factors of 75212407.
75212407
What are the prime factors of 369265238?
2, 3089, 59771
What are the prime factors of 299558645?
5, 281, 213209
List the prime factors of 399996633.
3, 67, 1990033
List the prime factors of 75230146.
2, 67, 561419
List the prime factors of 102853000.
2, 5, 163, 631
List the prime factors of 22301654.
2, 17, 797, 823
List the prime factors of 134849847.
3, 11, 101, 40459
List the prime factors of 67887929.
4219, 16091
List the prime factors of 1261596554.
2, 17, 107, 20399
List the prime factors of 17357560.
2, 5, 11, 103, 383
What are the prime factors of 680792732?
2, 23, 269, 27509
List the prime factors of 4623582214.
2, 2311791107
What are the prime factors of 4472196?
2, 3, 193, 1931
What are the prime factors of 538660822?
2, 7, 919, 5981
What are the prime factors of 16495522?
2, 101, 127, 643
List the prime factors of 1266962120.
2, 5, 31674053
List the prime factors of 73586721.
3, 13, 83, 127, 179
List the prime factors of 468546529.
11, 499, 85361
What are the prime factors of 1669901054?
2, 41, 1009, 20183
List the prime factors of 22306394.
2, 11, 29, 34963
List the prime factors of 1943530771.
7, 13, 31, 688951
List the prime factors of 15071925.
3, 5, 11, 18269
List the prime factors of 389315610.
2, 3, 5, 101, 42829
What are the prime factors of 194823163?
13907, 14009
List the prime factors of 25250625.
3, 5, 67
List the prime factors of 272127113.
79, 3444647
List the prime factors of 991059759.
3, 36705917
What are the prime factors of 97427833?
17, 53, 71, 1523
What are the prime factors of 231802657?
231802657
What are the prime factors of 96172487?
96172487
List the prime factors of 55726176.
2, 3, 11, 113, 467
What are the prime factors of 129435136?
2, 101, 2503
List the prime factors of 313962353.
37, 79, 2903
What are the prime factors of 12869004?
2, 3, 19, 56443
What are the prime factors of 3517993760?
2, 5, 21987461
List the prime factors of 274677071.
47, 5844193
What are the prime factors of 130667735?
5, 11, 2375777
List the prime factors of 1861569332.
2, 7, 367, 181157
List the prime factors of 51609182.
2, 101, 239, 1069
What are the prime factors of 164226958?
2, 7, 2711, 4327
List the prime factors of 105944374.
2, 17, 3116011
List the prime factors of 262567864.
2, 13, 14939
What are the prime factors of 54045136?
2, 3377821
List the prime factors of 191506626.
2, 3, 557, 6367
What are the prime factors of 233107569?
3, 31, 835511
What are the prime factors of 2461648046?
2, 11, 13, 61, 141101
What are the prime factors of 43194177?
3, 13, 369181
List the prime factors of 115877987.
103, 1125029
List the prime factors of 49884346.
2, 593, 42061
What are the prime factors of 133573036?
2, 33393259
List the prime factors of 407966876.
2, 101, 1009819
List the prime factors of 2850656810.
2, 5, 2699, 105619
What are the prime factors of 187861312?
2, 971, 3023
List the prime factors of 317491109.
13, 1579, 15467
List the prime factors of 651151028.
2, 11, 14798887
List the prime factors of 295320234.
2, 3, 11, 139, 32191
List the prime factors of 3812230.
2, 5, 381223
List the prime factors of 112679906.
2, 29, 1942757
What are the prime factors of 1317875998?
2, 13331, 49429
What are the prime factors of 4037977183?
223, 18107521
List the prime factors of 194600260.
2, 5, 9730013
List the prime factors of 655177959.
3, 72797551
What are the prime factors of 93114919?
93114919
What are the prime factors of 1578748635?
3, 5, 23, 941, 1621
List the prime factors of 1742123040.
2, 3, 5, 7, 23, 22543
List the prime factors of 531645620.
2, 5, 11, 257, 9403
List the prime factors of 230649104.
2, 7, 2059367
List the prime factors of 3002469790.
2, 5, 17, 601, 29387
List the prime factors of 140694254.
2, 29, 233, 359
List the prime factors of 53577823.
13, 67, 137, 449
List the prime factors of 307430.
2, 5, 71, 433
What are the prime factors of 27285965?
5, 7, 779599
What are the prime factors of 582507717?
3, 11, 29, 139, 151
List the prime factors of 21099399.
3, 79, 127, 701
List the prime factors of 35281673.
7, 313, 16103
List the prime factors of 37857902.
2, 18928951
List the prime factors of 33707081.
33707081
List the prime factors of 1072450794.
2, 3, 47, 3803017
What are the prime factors of 1185884644?
2, 7, 277, 152899
List the prime factors of 962865300.
2, 3, 5, 157, 20443
What are the prime factors of 525451124?
2, 11, 1951, 6121
List the prime factors of 807672780.
2, 3, 5, 419, 10709
What are the prime factors of 368388644?
2, 13, 19, 571, 653
List the prime factors of 48552441.
3, 7, 2312021
What are the prime factors of 1348855763?
35153, 38371
What are the prime factors of 1960827596?
2, 7, 13, 73, 109, 677
What are the prime factors of 69564696?
2, 3, 23, 126023
What are the prime factors of 486151941?
3, 11, 17, 866581
What are the prime factors of 55364669?
491, 112759
What are the prime factors of 26432107?
13, 53, 227
List the prime factors of 27859942.
2, 11, 167, 7583
What are the prime factors of 3895490742?
2, 3, 11, 13, 241, 18839
List the prime factors of 2379785969.
11, 251, 861929
List the prime factors of 117813065.
5, 617, 38189
List the prime factors of 2753011458.
2, 3, 152945081
List the prime factors of 111797148.
2, 3, 167, 55787
List the prime factors of 51637621.
7, 151, 997
List the prime factors of 70169619.
3, 13, 23, 137, 571
List the prime factors of 34295296.
2, 7, 1367
List the prime factors of 1857191865.
3, 5, 31, 137, 29153
What are the prime factors of 1037390720?
2, 5, 1620923
What are the prime factors of 1201927781?
25931, 46351
What are the prime factors of 143371787?
13, 193, 57143
List the prime factors of 142663948.
2, 7, 317, 16073
What are the prime factors of 307109053?
43, 283, 25237
What are the prime factors of 6474681607?
29, 31, 7202093
List the prime factors of 739026830.
2, 5, 79, 251, 3727
List the prime factors of 108567095.
5, 7, 13, 89, 383
List the prime factors of 353440251.
3, 17, 2310067
List the prime factors of 80906102.
2, 151, 267901
What are the prime factors of 2803043943?
3, 7, 1129, 39409
What are the prime factors of 5440291398?
2, 3, 7853, 12829
What are the prime factors of 1031049?
3, 4243
What are the prime factors of 720877099?
29, 24857831
List the prime factors of 3953059867.
89, 44416403
List the prime factors of 1812913489.
6703, 270463
What are the prime factors of 925430268?
2, 3, 7, 61, 25801
List the prime factors of 422882989.
11113, 38053
What are the prime factors of 19589660?
2, 5, 83, 11801
List the prime factors of 771220578.
2, 3, 41, 3135043
What are the prime factors of 229932581?
79, 2910539
What are the prime factors of 4234408812?
2, 3, 13069163
What are the prime factors of 495480273?
3, 73, 2262467
List the prime factors of 671454353.
331, 829, 2447
List the prime factors of 2864755085.
5, 17, 33703001
List the prime factors of 10599249.
3, 691, 5113
List the prime factors of 121035265.
5, 13, 227, 631
What are the prime factors of 4973856013?
7, 347, 1423, 1439
List the prime factors of 3346137460.
2, 5, 431, 388183
What are the prime factors of 464497462?
2, 11, 13, 147647
What are the prime factors of 423707791?
13, 32592907
List the prime factors of 12624191.
1667, 7573
List the prime factors of 10341346.
2, 5170673
What are the prime factors of 422640534?
2, 3, 70440089
List the prime factors of 2151631271.
20071, 107201
List the prime factors of 322671947.
13, 2647, 9377
What are the prime factors of 94870329?
3, 31623443
What a